{"id":12,"date":"2025-03-03T13:39:48","date_gmt":"2025-03-03T12:39:48","guid":{"rendered":"https:\/\/u3w.kluczbork.pl\/?page_id=12"},"modified":"2025-03-18T18:33:25","modified_gmt":"2025-03-18T17:33:25","slug":"kontakt","status":"publish","type":"page","link":"http:\/\/u3w.kluczbork.pl\/?page_id=12","title":{"rendered":"Kontakt"},"content":{"rendered":"<div class=\"entry\">\n\n\n<p><strong>Uniwersytet Trzeciego Wieku w&nbsp;Kluczborku<\/strong><\/p>\n\n\n\n<p>Forma prawna: Stowarzyszenie<\/p>\n\n\n\n<p>Rok powstania: 2004<\/p>\n\n\n\n<p>Adres: Rynek 1 \/Ratusz \/<\/p>\n\n\n\n<p>46 \u2013 200 Kluczbork<\/p>\n\n\n\n<p>godziny urz\u0119dowania wtorek i pi\u0105tek w godz. 10,00-13,00<\/p>\n\n\n\n<p>E \u2013 mail:&nbsp;<a href=\"mailto:u3w.kluczbork@gmail.com?subject=&amp;body=\">u3w.kluczbork@gmail.com<\/a><\/p>\n\n\n\n<p>Numer telefonu: 720&nbsp;543&nbsp;652 , 511&nbsp;723 106<\/p>\n\n\n\n<p><br><strong>Sk\u0142ad Zarz\u0105du UTW:<\/strong><\/p>\n\n\n\n<p>Maria Sta\u0144ska &#8211; prezes<\/p>\n\n\n\n<p>Bo\u017cena Hadry\u015b \u2013 zast\u0119pca<\/p>\n\n\n\n<p>Janina Leligdowicz \u2013 skarbnik<\/p>\n\n\n\n<p>Iwona Krzycka \u2013 sekretarz<\/p>\n\n\n\n<p>Ewa Kosi\u0144&nbsp;&#8211; cz\u0142onek&nbsp;<\/p>\n\n\n\n<p><strong>Sk\u0142ad Komisji Rewizyjnej UTW<\/strong>:<\/p>\n\n\n\n<p>El\u017cbieta Kosarewicz przewodnicz\u0105ca<\/p>\n\n\n\n<p>Helena Dokupil sekretarz<\/p>\n\n\n\n<p>Halina Bonis\u0142awska cz\u0142onek<\/p>\n\n\n\n<p><strong>Sk\u0142adki cz\u0142onk\u00f3w UTW:<\/strong><\/p>\n\n\n\n<p>Wpisowe 10,- z\u0142 \/ jednorazowo \/<\/p>\n\n\n\n<p>Legitymacja 2,- z\u0142 \/jednorazowo\/<\/p>\n\n\n\n<p>Miesi\u0119czna sk\u0142adka 4,- z\u0142 \/ wp\u0142ata za 6 lub 12 miesi\u0119cy w uk\u0142adzie kalendarzowym, tzn. od stycznia do grudnia danego roku \/<\/p>\n\n\n\n<p><\/p>\n\n\n<\/div>","protected":false},"excerpt":{"rendered":"<p>Uniwersytet Trzeciego Wieku w&nbsp;Kluczborku Forma prawna: Stowarzyszenie Rok powstania: 2004 Adres: Rynek 1 \/Ratusz \/ 46 \u2013 200 Kluczbork godziny urz\u0119dowania wtorek i pi\u0105tek w godz. 10,00-13,00 E \u2013 mail:&nbsp;u3w.kluczbork@gmail.com Numer telefonu: 720&nbsp;543&nbsp;652 , 511&nbsp;723 106 Sk\u0142ad Zarz\u0105du UTW: Maria Sta\u0144ska &#8211; prezes Bo\u017cena Hadry\u015b \u2013 zast\u0119pca Janina Leligdowicz \u2013 skarbnik Iwona Krzycka \u2013 sekretarz &#8230;<\/p>\n","protected":false},"author":1,"featured_media":0,"parent":0,"menu_order":0,"comment_status":"closed","ping_status":"closed","template":"","meta":{"footnotes":""},"class_list":["post-12","page","type-page","status-publish"],"_links":{"self":[{"href":"http:\/\/u3w.kluczbork.pl\/index.php?rest_route=\/wp\/v2\/pages\/12","targetHints":{"allow":["GET"]}}],"collection":[{"href":"http:\/\/u3w.kluczbork.pl\/index.php?rest_route=\/wp\/v2\/pages"}],"about":[{"href":"http:\/\/u3w.kluczbork.pl\/index.php?rest_route=\/wp\/v2\/types\/page"}],"author":[{"embeddable":true,"href":"http:\/\/u3w.kluczbork.pl\/index.php?rest_route=\/wp\/v2\/users\/1"}],"replies":[{"embeddable":true,"href":"http:\/\/u3w.kluczbork.pl\/index.php?rest_route=%2Fwp%2Fv2%2Fcomments&post=12"}],"version-history":[{"count":3,"href":"http:\/\/u3w.kluczbork.pl\/index.php?rest_route=\/wp\/v2\/pages\/12\/revisions"}],"predecessor-version":[{"id":186,"href":"http:\/\/u3w.kluczbork.pl\/index.php?rest_route=\/wp\/v2\/pages\/12\/revisions\/186"}],"wp:attachment":[{"href":"http:\/\/u3w.kluczbork.pl\/index.php?rest_route=%2Fwp%2Fv2%2Fmedia&parent=12"}],"curies":[{"name":"wp","href":"https:\/\/api.w.org\/{rel}","templated":true}]}}